 divided by 2.
0
Let u = -1 - -2. Calculate the remainder when ((-4)/(-8))/((-2)/(-4)) is divided by u.
0
Let r(b) = b**2 - 5*b - 2. What is the remainder when r(7) is divided by 7?
5
Let b = 3 - 13. Let k(w) = w + 11. Calculate the remainder when k(b) is divided by (-8)/(-6) + 2/(-6).
0
Let g(m) = -m + 12. Let o = -2 - -9. Let i = -31 + 44. What is the remainder when i is divided by g(o)?
3
Suppose 0*p - 6 = -p. Calculate the remainder when p is divided by 4.
2
Let w = 105 + -29. Calculate the remainder when w is divided by 16.
12
Let d be (6/(-1))/((-2)/4). Suppose -q + 3*i - d = 0, 0 = 4*q - 7*q - 3*i + 24. Suppose 16 = -0*r + 2*r. Calculate the remainder when r is divided by q.
2
What is the remainder when 14 is divided by 32/6 - (-1)/(-3)?
4
Suppose -9 = -6*t + 9. What is the remainder when 8 is divided by t?
2
Suppose -147 = -j - 3*j - z, 6 = 2*z. Suppose 3*t - 120 = j. What is the remainder when t is divided by 18?
16
Let w = -34 - -62. Calculate the remainder when 109 is divided by w.
25
Let i = 141 + -90. What is the remainder when i is divided by 18?
15
Let x = -156 + 170. What is the remainder when 69 is divided by x?
13
Suppose 2*a - 5*t + 6*t - 49 = 0, a + 2*t = 32. What is the remainder when a is divided by 13?
9
Suppose 4*d - 36 = -4*o - 0*d, -5*d + 21 = -o. Suppose 4*s = 4*t - 65 - 23, 0 = o*t - 3*s - 91. What is the remainder when 48 is divided by t?
23
Let t(a) = -2*a - 13. Let w be t(-9). Suppose 4*n - 2*y = 50 - 10, w*n - 45 = 5*y. What is the remainder when n is divided by 6?
5
Suppose 8*n - 13 = 11. Calculate the remainder when 11 is divided by n.
2
Let d(c) = -4 - 7 + 0 - 3*c. Calculate the remainder when d(-6) is divided by 3.
1
Suppose 7*t + 4*i - 90 = 2*t, 0 = -3*i. Calculate the remainder when 70 is divided by t.
16
Let x = -48 - -112. Suppose a = 4*b - 129, 30 = -5*b - 5*a + 210. What is the remainder when x is divided by b?
31
Let k(h) = -3*h**2 - 3*h - 3. Let x be k(-4). Let n = x - -86. Calculate the remainder when n is divided by 16.
15
Let v = 9 - 2. Let q = v - 11. Calculate the remainder when 4 is divided by q/((1*6)/(-3)).
0
Suppose -5*d = 3*l + 5, 3*l + 4 = -3*d + l. Suppose -d*n = -5*p + 30, 4*p + 3*n + 0 = 1. Calculate the remainder when 62 is divided by (-2)/(-4)*(36 - p).
14
Let u(h) = -h**2 - 8*h + 3. Suppose -5*f - 3*l + 7 = -12, 0 = 3*f + 4*l - 18. What is the remainder when u(-8) is divided by f?
1
Let a(p) = -2*p**2 - 3*p + 1. Let s(z) = -z + 2. Let m be s(0). Let i be a(m). Let w = i - -22. Calculate the remainder when 26 is divided by w.
8
Suppose 3*n - 12 = 96. What is the remainder when 68 is divided by n?
32
Let n be (-1)/(1/9*3). What is the remainder when 13 is divided by n*(2 + 33/(-9))?
3
Suppose 5*q - 5 = 4*q. Suppose 2*v = -3*z - 6, q*z - 6*z - 2 = v. Suppose 5*m = -v + 45. What is the remainder when 24 is divided by m?
6
Suppose 0 = j - 38 + 3. Calculate the remainder when j is divided by 19.
16
Suppose u - k = 3*u - 11, -3*u = 2*k - 15. Let f = 13 + -13. Let h(m) = m + 20. What is the remainder when h(f) is divided by u?
6
Suppose -5*a + 60 = -0*a. What is the remainder when 47 is divided by a?
11
Let v(q) = -8 - 2*q + 4 + 3*q. Let l be v(6). Suppose 2*b + l*b = 60. Calculate the remainder when 44 is divided by b.
14
Let o(w) = 46 + w + 4*w**2 - w**3 + 1 - 3*w**2. Let c = -3 + 3. Calculate the remainder when o(c) is divided by 16.
15
Suppose 2*a + 68 = 2*v, -4*v + 133 = -0*a - a. Suppose 2*g + j = 4*j + v, j = 5*g - 63. What is the remainder when (-279)/(-6) + 2/4 is divided by g?
11
Let n = 53 + -45. Calculate the remainder when (-2)/7 - (-1092)/49 is divided by n.
6
Suppose 4*k = 2*k, -3*v = 2*k - 12. Let r = 7 - v. What is the remainder when r is divided by 2?
1
What is the remainder when 67 is divided by 1/((1/(-51))/(2/(-6)))?
16
Let q be (-9)/6*(-20)/15. Suppose 5*i - 6 = q*i - 3*m, -3*i + 3*m + 30 = 0. Calculate the remainder when 16 is divided by i.
4
Suppose 3*y - q - 60 = q, -y + 6 = 4*q. Calculate the remainder when 35 is divided by y.
17
Let v(y) be the third derivative of -y**6/120 - 7*y**5/60 + y**4/4 + 2*y**3 + 2*y**2. What is the remainder when v(-8) is divided by (4/6)/(-1)*-15?
8
Let w(k) = k**3 - 3*k**3 + 9 - 3*k**2 - 11 - 3*k. What is the remainder when 15 is divided by w(-2)?
7
Let s(r) = -5*r + 3. Let f be s(2). Let x be (-4)/2 - (f - -1). Suppose 3*c + x = 10. Calculate the remainder when 5 is divided by c.
1
Suppose 2*j + 3*j - 85 = 0. Suppose -4*v + v = 0. Let m(x) = -x**3 - x**2 + 6. What is the remainder when j is divided by m(v)?
5
Let w(o) = -3*o + 9. What is the remainder when 125 is divided by w(-4)?
20
Suppose -2*c - 2*c = 5*u - 770, 0 = -u - c + 154. Calculate the remainder when u is divided by 39.
37
Suppose -3*n = 94 + 86. What is the remainder when (-1)/(3/n*2) is divided by 4?
2
Suppose x = f - 6, -2*f + 4 = -0*f + 2*x. Suppose f*g - 79 = -0*g - 3*i, -2*g + 3*i = -53. Suppose 3 = -5*k + 213. What is the remainder when k is divided by g?
20
What is the remainder when 26 is divided by (24/15)/((-4)/(-10))?
2
Suppose -2*w - 5*s + 29 = 0, 0*w + 3*w - 12 = 3*s. What is the remainder when 20 is divided by w?
6
Let p = 9 - 12. Let b(j) = -5*j. What is the remainder when b(p) is divided by 8?
7
Let o(n) = 1 - n**3 - 6*n + 0*n**3 + 4*n**2 + 2*n**3. Let w be o(-5). Suppose -27 = -w*v + 3*v. What is the remainder when 26 is divided by v?
8
Suppose 3*k + 2*n = 5, -3*k + k - 2*n = 0. Suppose 4*x = -8, -4*b - 3*x = -7*b + 33. What is the remainder when b is divided by k?
4
Let i(y) be the second derivative of y**3/6 + 2*y**2 + y. Suppose -1 - 15 = -8*a. What is the remainder when a is divided by i(-3)?
0
Let p = 15 - -4. What is the remainder when 55 is divided by p?
17
Suppose 5*f - 279 + 69 = 0. Suppose 0*j + f = 2*j. Calculate the remainder when j is divided by 11.
10
Suppose -5*k + 8 = 2*i - 18, i - 10 = -2*k. Suppose -a + 4*u = -15, -67 = -3*a - 0*a + u. Calculate the remainder when a is divided by k.
5
Suppose -2*t + t + 38 = -2*k, -2*k = 5*t - 226. Let j be 2402/22 + (-8)/t. Calculate the remainder when 42 is divided by j/5 + (-2)/(-10).
20
Suppose 41 = 2*k - 27. Let l(n) = -n**3 - 6*n**2 - 6*n - 5. Let g be l(-5). What is the remainder when k is divided by 8/20*(g + 30)?
10
Let u = 34 + 2. Calculate the remainder when u is divided by 20.
16
Suppose 2*k - 5*r + 26 = 0, -17 = -3*k + 4*r - 42. What is the remainder when 1 is divided by 9/(k/(-1)) + -2?
0
Let o = 26 + -2. Suppose 0*i - i + o = 0. What is the remainder when i is divided by 13?
11
Let s(t) = t**3 + 7*t**2 + 2*t - 3. Suppose 326 = -8*f + 1182. What is the remainder when f is divided by s(-3)?
26
Let w be (0 + 0 - 2)*-1. Suppose 24 = -w*u + 6*u. Calculate the remainder when 10 is divided by u.
4
Suppose 4*x = -5*u + 149, -5*u = -9*x + 4*x + 130. What is the remainder when 59 is divided by x?
28
Let w = 31 + -29. Calculate the remainder when 7 is divided by w.
1
Suppose -3*l = d - 25, -4*d + 7*d + 65 = 5*l. Suppose -4*m - 1 = -g - 3, 8 = -4*g - 3*m. What is the remainder when (-19)/(0 - (g - -3)) is divided by l?
9
Let j = -9 + 18. Suppose -5*g + 72 = -8. What is the remainder when g is divided by j?
7
Let a = -113 - -148. Calculate the remainder when 69 is divided by a.
34
Let x = 5 - 3. Let t = x - 2. Suppose t*p - p + 28 = 0. What is the remainder when p is divided by 10?
8
Let r be 4/(-8) + 5/2. Suppose -5*u - n + 5 = -0*u, -4*u - n + 4 = 0. Let f = r + u. What is the remainder when 7 is divided by f?
1
Let j be (-3)/((-12)/(-62))*-2. Let a = 60 - j. What is the remainder when a is divided by 15?
14
Let g = -17 + 11. Let m = 11 + -9. What is the remainder when 2/g*21/(-1) is divided by m?
1
Let o = -41 + 44. What is the remainder when 5 is divided by o?
2
Suppose 0 = 4*r - 3*i - 20 - 85, -5*r = 5*i - 140. Calculate the remainder when r is divided by 7.
6
Let d(c) = c**3 + 9*c**2 + 11*c + 8. What is the remainder when d(-7) is divided by 11?
7
Let q = -83 + 220. Calculate the remainder when q is divided by 35.
32
Suppose 0 = -2*f - 10, 0*f = -2*h + f + 67. What is the remainder when 121 is divided by h?
28
Suppose 0 = -4*u - 5*w + 27, -5*u + u + 5*w - 3 = 0. Suppose u*q - 268 = -q. Suppose l = -9 + 32. Calculate the remainder when q is divided by l.
21
Suppose 0 = 2*q - 59 - 53. What is th